s of m?
2, 3, 43
Let i(s) = -2 + 12*s - 8 - s**3 - 14*s**2 + 1. List the prime factors of i(-15).
2, 3
Let x(c) = -24*c + 6. Let g = 21 + -24. List the prime factors of x(g).
2, 3, 13
Suppose -3*f + 2*z - 4 = -21, 3*f - 25 = 4*z. Suppose 0 = 5*t - f*m - 272, 2*t - 4*m + m - 116 = 0. Suppose -5*g + t = -g. What are the prime factors of g?
13
Suppose 0 = -3*h - h + 28. Suppose 2 = -3*m - h. Let s(r) = -2*r**3 - 5*r**2 - 5*r - 3. What are the prime factors of s(m)?
3, 7
Let i(m) = -6*m**2 - 3*m - 4. Let h(z) = 7*z**2 + 3*z + 5. Let v(b) = -5*h(b) - 6*i(b). Let f = -24 - -20. What are the prime factors of v(f)?
3
Let f be (-3968)/(-36) - ((-22)/(-18) - 1). Let r = f - -11. What are the prime factors of r?
11
Let v(l) = 22*l**2 + l. Let m(h) = -45*h**2 - 2*h. Let y(w) = 3*m(w) + 7*v(w). Suppose -4*g = -4*u + 12, -2*u = 3*u - 4*g - 13. List the prime factors of y(u).
2, 5
Suppose -2*h + 2029 = 2*i - 7*h, 4*h = -3*i + 2986. List the prime factors of i.
2, 3, 167
Let r(l) = -3*l - 27. Let p(y) = 65*y + 595. Let x(c) = -4*p(c) - 90*r(c). What are the prime factors of x(4)?
2, 3, 5
List the prime factors of ((-98)/(-4))/(1/36).
2, 3, 7
Let i(a) = 2*a. Let z be i(1). Let w be 3 - (-1 + -1)*-2. List the prime factors of w*(-12 + z) - -2.
2, 3
Let k(c) = -43*c**3 + 22*c**3 + 2*c**2 - 2*c**2 + c. Let a be k(1). Let h = a + 60. List the prime factors of h.
2, 5
Let m = 2181 - 46. List the prime factors of m.
5, 7, 61
Suppose -2*y = -3*c + 14, -4*y + 5*c + 0*c - 32 = 0. Let p be (-10 - -14)*y*1. Let a = 102 + p. List the prime factors of a.
2, 5
Let l(p) = -p**2 - 9*p - 1. Let v be (-10)/(-45) + (-320)/(-18). Suppose -v = 5*r + 17. List the prime factors of l(r).
13
Let t(z) = -197*z - 7. Let j be t(-5). Suppose 5*n + 178 = 5*m + j, 4*n - 638 = 3*m. What are the prime factors of n?
2, 79
Let c(p) = p**3 - 6*p**2 - 4*p. Let h be c(7). Suppose 4*t + 3 = -h. Let y(o) = -2*o + 5. List the prime factors of y(t).
17
Suppose -28152 = -3*l - 15*l. What are the prime factors of l?
2, 17, 23
Suppose 0 = -24*y + 25*y + 200. Let p = y - -478. List the prime factors of p.
2, 139
Suppose -5*d - 29*b + 12732 = -31*b, 3*d - b = 7639. List the prime factors of d.
2, 19, 67
Let n = -9 + 18. Let r = 21 + n. Let k = r + -18. What are the prime factors of k?
2, 3
Let i(n) = 24*n**3 + 2*n**2 - 7*n + 1. List the prime factors of i(2).
11, 17
Let j(m) = m**3 + 8*m**2 + 6*m + 6. Let g = -34 + 31. List the prime factors of j(g).
3, 11
Let u = -1084 + 2761. Suppose -5*x = -m + 349, -4*x - u = -4*m - 361. List the prime factors of m.
2, 3
List the prime factors of 4*(70 + (-11 - -9)).
2, 17
Let t = 849 + -506. Suppose 0*d - 7*d + t = 0. Let q = 98 - d. What are the prime factors of q?
7
Suppose 0 = -k - q + 1056, -9*k = -8*k - 3*q - 1060. What are the prime factors of k?
7, 151
Suppose 0 = -5*s + s + 884. Let a = -146 + s. List the prime factors of a.
3, 5
Let x = 356 + 60. List the prime factors of x.
2, 13
Let q(p) = 519*p**2 + 1. Let r be q(1). Suppose 3*g + 206 = 4*w + r, 4*w - 4 = 0. What are the prime factors of g?
2, 53
Let d = -8903 - -15081. List the prime factors of d/22 - (-64)/352.
281
Suppose 0 = -2*l + y + 7, 2 = -5*l + 7*l + 4*y. Suppose -2*u = 5*c + u - 1428, u = l*c - 868. List the prime factors of c.
2, 3
Let v(z) = -z**3 + 14*z**2 - 10*z - 2. Let f be v(13). Suppose -65 = -d + f. What are the prime factors of d?
2, 3, 17
Suppose 3 = 4*d + o, 5*d = 3*o - 8*o + 15. Suppose 4*k + 3*c - 139 = 0, 6 + d = k - 5*c. What are the prime factors of k?
31
Let v(n) = -n**3 + 10*n**2 + 12*n. Let q = -25 - -31. Suppose -r - q = r, -20 = -d + 3*r. List the prime factors of v(d).
11
Let t(x) = x**2 + 4*x + 19. Suppose 4*z - 11 = 3*n - 2, 5*z + 3 = -n. What are the prime factors of t(z)?
19
Suppose 0 = 3*v + 49*a - 46*a - 14346, -2*v + 4*a + 9546 = 0. List the prime factors of v.
3, 59
Suppose 711 = -686*j + 695*j. List the prime factors of j.
79
Let a(p) = p**3 - 3*p**2 - 18*p + 18. Let g be a(9). Let t = -194 + g. List the prime factors of t.
2, 37
Let g(t) = -49*t - 13. Let k be g(-3). Suppose -130 = -2*a + k. List the prime factors of a.
2, 3, 11
Let n(o) = o**3 + 3*o**2 - 2*o - 4. Let m be n(-3). Suppose 0 = -3*b - 4*l + 129, -7*b + 2*b - m*l = -215. What are the prime factors of b?
43
Let c(v) = -3*v - 4. Let n be c(4). Let m be n*(25/10 + -4). Let h = m + -18. What are the prime factors of h?
2, 3
Let y = -471 - -684. Suppose 29 = -8*a + y. List the prime factors of a.
23
Let f = 63 - 146. List the prime factors of f/(-1) + -5 + (1 - -3).
2, 41
Let b = -56 + 18. Let o be -6*(-2 - (-53)/3). Let a = b - o. What are the prime factors of a?
2, 7
Let s(q) = -q**2 - 3*q + 15. Let u be s(-5). Suppose 5*l + 235 = u*z, 0*z = -2*l - 5*z - 108. Let p = l + 106. List the prime factors of p.
3, 19
What are the prime factors of (0/6 - 2)*-68?
2, 17
Suppose -3*p = -2267 - 478. Suppose p = 5*v - 5*r, -358 = -2*v - 2*r + 6*r. List the prime factors of v.
11, 17
Let q be 120/(-4)*1/2. What are the prime factors of ((-9)/((-54)/q))/(1/(-32))?
2, 5
Let k be 15/10*(-120)/(-9). Suppose k = d + 3*y - 5, -2*d + 42 = 4*y. List the prime factors of d.
13
Let n(c) = c**2 + 20*c - 21. Let x be n(-9). Let d = -86 - x. What are the prime factors of d?
2, 17
Suppose -2*f + g - 6*g = -238, 3*g = f - 97. Let o = -21 - -23. Suppose 3*r - f = 4*x, r + 3*r + o*x - 116 = 0. What are the prime factors of r?
31
Let z = -14 - -28. Let o = -14 + z. Suppose o = -2*a - a + 144. List the prime factors of a.
2, 3
What are the prime factors of 1092/(-2002) + (-1)/((-11)/2822)?
2
Suppose s - 728 - 101 = 2*r, -2*s + 1682 = 4*r. List the prime factors of s.
5, 167
List the prime factors of (-12)/(-42) - (-8667)/21.
7, 59
Suppose 302 = t + 4*m, -m + 1 = 6. What are the prime factors of t?
2, 7, 23
List the prime factors of 50414/65 + ((-8)/5 - -2).
2, 97
Suppose 3*z = 3*f - 141, 2*f - 4*z = 6*f - 156. Suppose f - 523 = -4*n - 2*m, 126 = n + 2*m. List the prime factors of n.
2, 59
List the prime factors of 435/(7 - 30/5).
3, 5, 29
Let c(m) = m**3 + 10*m**2 - 10*m + 12. Let v be c(-11). What are the prime factors of 59/v - (12 - 15)?
2, 31
Let c(w) = 180*w**2 - 271*w - 7. List the prime factors of c(6).
37, 131
Suppose 4*h + h - 220 = 0. Suppose -11 + 59 = 16*p. Suppose 5*x - 129 = p*k - 42, 4*x + 4*k - h = 0. List the prime factors of x.
3, 5
Suppose 3*n - 963 = -0*n - 3*x, 3*n + 2*x = 962. List the prime factors of n.
2, 5
Let w(a) be the second derivative of -a**3/6 - 2*a**2 - 22*a. What are the prime factors of w(-10)?
2, 3
Let w be (1 - 1)/(0 - -2). Suppose w = u + 5*f - 11, 0*f = -4*u - 2*f + 26. Suppose -u*i = -377 + 47. List the prime factors of i.
5, 11
Let w(r) = -2*r - 11. Let c(v) = v**2 - 8*v - 8. Suppose 13 = -2*a + 5*t + 2, -5*t + 60 = 5*a. Let z be c(a). List the prime factors of w(z).
19
Let j = -302 + 802. List the prime factors of j.
2, 5
Suppose 3*a = 6*a. Suppose 4*l - 4*n + 112 = a, 3*l + 103 = -l - 5*n. Let f = l - -50. What are the prime factors of f?
23
Suppose 2*t + 3*t + 200 = 5*a, -5*a + t + 184 = 0. Let h be (4/6)/(8/a). Suppose 4*b + 3*d = 88, -b + h*b - d = 44. List the prime factors of b.
2, 11
Let j(y) = 6*y**3 - 74*y**2 + 54*y. List the prime factors of j(14).
2, 7, 97
Suppose -4*f + 3*c - 2*c = -1879, -4*c = 12. List the prime factors of f.
7, 67
Suppose -40*i - 5*a = -35*i - 245, 2*i = a + 92. List the prime factors of i.
47
What are the prime factors of (26685/(-90))/(2/(-8))?
2, 593
Suppose -2*n = 8*n. Let w(v) = -v**3 - 6*v - 35. Let t(r) = -r. Let m(c) = 6*t(c) - w(c). What are the prime factors of m(n)?
5, 7
Let h be ((-2528)/(-40))/((-4)/(-10)). Let c = 299 - h. List the prime factors of c.
3, 47
Let k = 4 - 38. Let g = k + 54. List the prime factors of g.
2, 5
Let v(b) = 6*b - 26. Let f be v(6). Suppose f = -5*a, -5*k = a - 0*a - 33. List the prime factors of k.
7
Let v(b) be the first derivative of -31*b**2/2 + 8*b - 1. Let n be v(-10). What are the prime factors of n/66 - (-2)/11?
5
Suppose 7*t = -0*t + 21. What are the prime factors of (t + -1)/((-3)/(-156)*4)?
2, 13
Let a(x) = -x**2 + 6*x. Let r be a(6). Suppose 5*v + 327 - 1187 = r. What are the prime factors of v?
2, 43
What are the prime factors of 6 - ((-2)/8)/((-57)/(-612636))?
2693
Suppose -41*m + 215 = -40*m. What are the